{"id":981,"date":"2020-06-03T08:00:22","date_gmt":"2020-06-03T08:00:22","guid":{"rendered":"https:\/\/elephantchateau.com\/shop\/?page_id=981"},"modified":"2020-06-04T02:44:00","modified_gmt":"2020-06-04T02:44:00","slug":"ceylon-recipes","status":"publish","type":"page","link":"https:\/\/elephantchateau.com\/shop\/ceylon-recipes\/","title":{"rendered":"Ceylon Recipes"},"content":{"rendered":"\n<div style=\"height:20px\" aria-hidden=\"true\" class=\"wp-block-spacer\"><\/div>\n\n\n<ul class=\"wp-block-latest-posts__list is-grid columns-2 wp-block-latest-posts\"><li><div class=\"wp-block-latest-posts__featured-image aligncenter\"><img loading=\"lazy\" decoding=\"async\" width=\"980\" height=\"654\" src=\"https:\/\/elephantchateau.com\/shop\/wp-content\/uploads\/2020\/06\/vanilla-extract-1024x683.jpg\" class=\"attachment-large size-large wp-post-image\" alt=\"\" style=\"\" srcset=\"https:\/\/elephantchateau.com\/shop\/wp-content\/uploads\/2020\/06\/vanilla-extract-1024x683.jpg 1024w, https:\/\/elephantchateau.com\/shop\/wp-content\/uploads\/2020\/06\/vanilla-extract-300x200.jpg 300w, https:\/\/elephantchateau.com\/shop\/wp-content\/uploads\/2020\/06\/vanilla-extract-768x512.jpg 768w, https:\/\/elephantchateau.com\/shop\/wp-content\/uploads\/2020\/06\/vanilla-extract-1536x1024.jpg 1536w, https:\/\/elephantchateau.com\/shop\/wp-content\/uploads\/2020\/06\/vanilla-extract-750x500.jpg 750w, https:\/\/elephantchateau.com\/shop\/wp-content\/uploads\/2020\/06\/vanilla-extract-1320x880.jpg 1320w, https:\/\/elephantchateau.com\/shop\/wp-content\/uploads\/2020\/06\/vanilla-extract-555x370.jpg 555w, https:\/\/elephantchateau.com\/shop\/wp-content\/uploads\/2020\/06\/vanilla-extract.jpg 2016w\" sizes=\"auto, (max-width: 980px) 100vw, 980px\" \/><\/div><a class=\"wp-block-latest-posts__post-title\" href=\"https:\/\/elephantchateau.com\/shop\/recipe\/pure-vanilla-bean-extract\/\">Pure Vanilla Bean Extract<\/a><div class=\"wp-block-latest-posts__post-excerpt\">Ingredients 5 whole Ceylon vanilla beans 8oz plain vodka (35%+ Alcohol) 1 Glass Jar or Bottle Preparation Slice 5 Ceylon vanilla beans down the middle and cut them into 2 inch segments. Place the prepped vanilla beans in an air tight glass jar or bottle. Submerge the vanilla beans in 8 ounces of plain vodka.\u2026 <a class=\"wp-block-latest-posts__read-more\" href=\"https:\/\/elephantchateau.com\/shop\/recipe\/pure-vanilla-bean-extract\/\" rel=\"noopener noreferrer\">Read more<span class=\"screen-reader-text\">: Pure Vanilla Bean Extract<\/span><\/a><\/div><\/li>\n<li><div class=\"wp-block-latest-posts__featured-image aligncenter\"><img loading=\"lazy\" decoding=\"async\" width=\"980\" height=\"654\" src=\"https:\/\/elephantchateau.com\/shop\/wp-content\/uploads\/2020\/11\/garam-masala-1024x683.jpg\" class=\"attachment-large size-large wp-post-image\" alt=\"Spicy Garam Masala\" style=\"\" srcset=\"https:\/\/elephantchateau.com\/shop\/wp-content\/uploads\/2020\/11\/garam-masala-1024x683.jpg 1024w, https:\/\/elephantchateau.com\/shop\/wp-content\/uploads\/2020\/11\/garam-masala-300x200.jpg 300w, https:\/\/elephantchateau.com\/shop\/wp-content\/uploads\/2020\/11\/garam-masala-768x512.jpg 768w, https:\/\/elephantchateau.com\/shop\/wp-content\/uploads\/2020\/11\/garam-masala-750x500.jpg 750w, https:\/\/elephantchateau.com\/shop\/wp-content\/uploads\/2020\/11\/garam-masala-1320x880.jpg 1320w, https:\/\/elephantchateau.com\/shop\/wp-content\/uploads\/2020\/11\/garam-masala-555x370.jpg 555w, https:\/\/elephantchateau.com\/shop\/wp-content\/uploads\/2020\/11\/garam-masala.jpg 1344w\" sizes=\"auto, (max-width: 980px) 100vw, 980px\" \/><\/div><a class=\"wp-block-latest-posts__post-title\" href=\"https:\/\/elephantchateau.com\/shop\/recipe\/spicy-garam-masala\/\">Spicy Garam Masala<\/a><div class=\"wp-block-latest-posts__post-excerpt\">Ingredients 4 ceylon cinnamon sticks, crushed \u00bc cup black cumin seed 2 large bay leaves, crushed 4 green cardamom pods \u00bc cup black peppercorns 1\u2009\u00bd teaspoons whole cloves 1 tablespoon fennel seed 1 teaspoon chopped fresh mace 1 pinch ground nutmeg Preparation Heat a small skillet over medium heat; add cumin, bay leaves. cardamom, peppercorns,\u2026 <a class=\"wp-block-latest-posts__read-more\" href=\"https:\/\/elephantchateau.com\/shop\/recipe\/spicy-garam-masala\/\" rel=\"noopener noreferrer\">Read more<span class=\"screen-reader-text\">: Spicy Garam Masala<\/span><\/a><\/div><\/li>\n<li><div class=\"wp-block-latest-posts__featured-image aligncenter\"><img loading=\"lazy\" decoding=\"async\" width=\"980\" height=\"654\" src=\"https:\/\/elephantchateau.com\/shop\/wp-content\/uploads\/2020\/06\/shutterstock_714717667-1024x683.jpg\" class=\"attachment-large size-large wp-post-image\" alt=\"\" style=\"\" srcset=\"https:\/\/elephantchateau.com\/shop\/wp-content\/uploads\/2020\/06\/shutterstock_714717667-1024x683.jpg 1024w, https:\/\/elephantchateau.com\/shop\/wp-content\/uploads\/2020\/06\/shutterstock_714717667-300x200.jpg 300w, https:\/\/elephantchateau.com\/shop\/wp-content\/uploads\/2020\/06\/shutterstock_714717667-768x512.jpg 768w, https:\/\/elephantchateau.com\/shop\/wp-content\/uploads\/2020\/06\/shutterstock_714717667-1536x1024.jpg 1536w, https:\/\/elephantchateau.com\/shop\/wp-content\/uploads\/2020\/06\/shutterstock_714717667-2048x1365.jpg 2048w, https:\/\/elephantchateau.com\/shop\/wp-content\/uploads\/2020\/06\/shutterstock_714717667-750x500.jpg 750w, https:\/\/elephantchateau.com\/shop\/wp-content\/uploads\/2020\/06\/shutterstock_714717667-1320x880.jpg 1320w, https:\/\/elephantchateau.com\/shop\/wp-content\/uploads\/2020\/06\/shutterstock_714717667-555x370.jpg 555w\" sizes=\"auto, (max-width: 980px) 100vw, 980px\" \/><\/div><a class=\"wp-block-latest-posts__post-title\" href=\"https:\/\/elephantchateau.com\/shop\/recipe\/matcha-vanilla-bean-layer-cake\/\">Matcha Vanilla &#038; Coconut Cream Cake<\/a><div class=\"wp-block-latest-posts__post-excerpt\">Ingredients 2 cups cake flour (plus more for dusting the pans) 2 \u00bd Tsp. baking powder \u00bc Tsp. salt 3 Tbsp. matcha powder 1 \u00bc sticks unsalted butter, room temperature 1 \u00bc cups granulated sugar 4 eggs 1 Tsp. vanilla beans \u00bd Tsp. vanilla extract \u00be cup light coconut milk Coconut Buttercream Icing 1 \u00bc\u2026 <a class=\"wp-block-latest-posts__read-more\" href=\"https:\/\/elephantchateau.com\/shop\/recipe\/matcha-vanilla-bean-layer-cake\/\" rel=\"noopener noreferrer\">Read more<span class=\"screen-reader-text\">: Matcha Vanilla &#038; Coconut Cream Cake<\/span><\/a><\/div><\/li>\n<li><div class=\"wp-block-latest-posts__featured-image aligncenter\"><img loading=\"lazy\" decoding=\"async\" width=\"980\" height=\"654\" src=\"https:\/\/elephantchateau.com\/shop\/wp-content\/uploads\/2020\/06\/vanilla-extract-1024x683.jpg\" class=\"attachment-large size-large wp-post-image\" alt=\"\" style=\"\" srcset=\"https:\/\/elephantchateau.com\/shop\/wp-content\/uploads\/2020\/06\/vanilla-extract-1024x683.jpg 1024w, https:\/\/elephantchateau.com\/shop\/wp-content\/uploads\/2020\/06\/vanilla-extract-300x200.jpg 300w, https:\/\/elephantchateau.com\/shop\/wp-content\/uploads\/2020\/06\/vanilla-extract-768x512.jpg 768w, https:\/\/elephantchateau.com\/shop\/wp-content\/uploads\/2020\/06\/vanilla-extract-1536x1024.jpg 1536w, https:\/\/elephantchateau.com\/shop\/wp-content\/uploads\/2020\/06\/vanilla-extract-750x500.jpg 750w, https:\/\/elephantchateau.com\/shop\/wp-content\/uploads\/2020\/06\/vanilla-extract-1320x880.jpg 1320w, https:\/\/elephantchateau.com\/shop\/wp-content\/uploads\/2020\/06\/vanilla-extract-555x370.jpg 555w, https:\/\/elephantchateau.com\/shop\/wp-content\/uploads\/2020\/06\/vanilla-extract.jpg 2016w\" sizes=\"auto, (max-width: 980px) 100vw, 980px\" \/><\/div><a class=\"wp-block-latest-posts__post-title\" href=\"https:\/\/elephantchateau.com\/shop\/recipe\/whole-vanilla-bean-extract-sweetened\/\">Sweet Whole Vanilla Bean Extract<\/a><div class=\"wp-block-latest-posts__post-excerpt\">Ingredients 3 whole Ceylon vanilla beans 11\/2 cups plain vodka (35%+ Alcohol) 1\/2 cup water 1 cup granulated sugar Preparation In a 3 cup glass container with a tight fitting lid, combine vanilla beans with the vodka. Cap and allow to &#8220;steep&#8221; at room temperature for three weeks. Remove vanilla beans and strain liquid through\u2026 <a class=\"wp-block-latest-posts__read-more\" href=\"https:\/\/elephantchateau.com\/shop\/recipe\/whole-vanilla-bean-extract-sweetened\/\" rel=\"noopener noreferrer\">Read more<span class=\"screen-reader-text\">: Sweet Whole Vanilla Bean Extract<\/span><\/a><\/div><\/li>\n<li><div class=\"wp-block-latest-posts__featured-image aligncenter\"><img loading=\"lazy\" decoding=\"async\" width=\"980\" height=\"654\" src=\"https:\/\/elephantchateau.com\/shop\/wp-content\/uploads\/2020\/06\/shortbread-1024x683.jpg\" class=\"attachment-large size-large wp-post-image\" alt=\"\" style=\"\" srcset=\"https:\/\/elephantchateau.com\/shop\/wp-content\/uploads\/2020\/06\/shortbread-1024x683.jpg 1024w, https:\/\/elephantchateau.com\/shop\/wp-content\/uploads\/2020\/06\/shortbread-300x200.jpg 300w, https:\/\/elephantchateau.com\/shop\/wp-content\/uploads\/2020\/06\/shortbread-768x512.jpg 768w, https:\/\/elephantchateau.com\/shop\/wp-content\/uploads\/2020\/06\/shortbread-1536x1024.jpg 1536w, https:\/\/elephantchateau.com\/shop\/wp-content\/uploads\/2020\/06\/shortbread-750x500.jpg 750w, https:\/\/elephantchateau.com\/shop\/wp-content\/uploads\/2020\/06\/shortbread-1320x880.jpg 1320w, https:\/\/elephantchateau.com\/shop\/wp-content\/uploads\/2020\/06\/shortbread-555x370.jpg 555w, https:\/\/elephantchateau.com\/shop\/wp-content\/uploads\/2020\/06\/shortbread.jpg 1728w\" sizes=\"auto, (max-width: 980px) 100vw, 980px\" \/><\/div><a class=\"wp-block-latest-posts__post-title\" href=\"https:\/\/elephantchateau.com\/shop\/recipe\/ceylon-vanilla-bean-shortbread\/\">Ceylon Vanilla Bean Shortbread<\/a><div class=\"wp-block-latest-posts__post-excerpt\">Ingredients 2 cups all-purpose flour 1\/4 cup cornstarch 1\/4 teaspoon salt 1\/2 cup butter, softened 1\/2 cup canola oil 1\/2 cup sugar 1 vanilla bean, split lengthwise cooking spray Preparation Preheat oven to 350F. Line the bottom and sides of a metal baking pan with foil and coat with cooking spray. Combine flour, cornstarch and\u2026 <a class=\"wp-block-latest-posts__read-more\" href=\"https:\/\/elephantchateau.com\/shop\/recipe\/ceylon-vanilla-bean-shortbread\/\" rel=\"noopener noreferrer\">Read more<span class=\"screen-reader-text\">: Ceylon Vanilla Bean Shortbread<\/span><\/a><\/div><\/li>\n<li><div class=\"wp-block-latest-posts__featured-image aligncenter\"><img loading=\"lazy\" decoding=\"async\" width=\"980\" height=\"654\" src=\"https:\/\/elephantchateau.com\/shop\/wp-content\/uploads\/2020\/06\/creme-brulee-1024x683.jpg\" class=\"attachment-large size-large wp-post-image\" alt=\"\" style=\"\" srcset=\"https:\/\/elephantchateau.com\/shop\/wp-content\/uploads\/2020\/06\/creme-brulee-1024x683.jpg 1024w, https:\/\/elephantchateau.com\/shop\/wp-content\/uploads\/2020\/06\/creme-brulee-300x200.jpg 300w, https:\/\/elephantchateau.com\/shop\/wp-content\/uploads\/2020\/06\/creme-brulee-768x512.jpg 768w, https:\/\/elephantchateau.com\/shop\/wp-content\/uploads\/2020\/06\/creme-brulee-1536x1024.jpg 1536w, https:\/\/elephantchateau.com\/shop\/wp-content\/uploads\/2020\/06\/creme-brulee-750x500.jpg 750w, https:\/\/elephantchateau.com\/shop\/wp-content\/uploads\/2020\/06\/creme-brulee-1320x880.jpg 1320w, https:\/\/elephantchateau.com\/shop\/wp-content\/uploads\/2020\/06\/creme-brulee-555x370.jpg 555w, https:\/\/elephantchateau.com\/shop\/wp-content\/uploads\/2020\/06\/creme-brulee.jpg 1642w\" sizes=\"auto, (max-width: 980px) 100vw, 980px\" \/><\/div><a class=\"wp-block-latest-posts__post-title\" href=\"https:\/\/elephantchateau.com\/shop\/recipe\/ceylon-vanilla-bean-creme-brulee\/\">Ceylon Vanilla Bean Cr\u00e8me Br\u00fbl\u00e9e<\/a><div class=\"wp-block-latest-posts__post-excerpt\">Ingredients 2 cups heavy cream 6 large egg yolks cup cane sugar Turbinado sugar, for topping 1 Ceylon vanilla bean, split lengthwise and scraped Preparation Preheat oven to 300 degrees. In a heavy bottom pan over a medium-low heat, pour cream in with split vanilla bean and cook, stirring for about 15 minutes (do not\u2026 <a class=\"wp-block-latest-posts__read-more\" href=\"https:\/\/elephantchateau.com\/shop\/recipe\/ceylon-vanilla-bean-creme-brulee\/\" rel=\"noopener noreferrer\">Read more<span class=\"screen-reader-text\">: Ceylon Vanilla Bean Cr\u00e8me Br\u00fbl\u00e9e<\/span><\/a><\/div><\/li>\n<li><div class=\"wp-block-latest-posts__featured-image aligncenter\"><img loading=\"lazy\" decoding=\"async\" width=\"980\" height=\"651\" src=\"https:\/\/elephantchateau.com\/shop\/wp-content\/uploads\/2020\/06\/shutterstock_162302891-1024x680.jpg\" class=\"attachment-large size-large wp-post-image\" alt=\"\" style=\"\" srcset=\"https:\/\/elephantchateau.com\/shop\/wp-content\/uploads\/2020\/06\/shutterstock_162302891-1024x680.jpg 1024w, https:\/\/elephantchateau.com\/shop\/wp-content\/uploads\/2020\/06\/shutterstock_162302891-300x199.jpg 300w, https:\/\/elephantchateau.com\/shop\/wp-content\/uploads\/2020\/06\/shutterstock_162302891-768x510.jpg 768w, https:\/\/elephantchateau.com\/shop\/wp-content\/uploads\/2020\/06\/shutterstock_162302891-1536x1020.jpg 1536w, https:\/\/elephantchateau.com\/shop\/wp-content\/uploads\/2020\/06\/shutterstock_162302891-2048x1360.jpg 2048w, https:\/\/elephantchateau.com\/shop\/wp-content\/uploads\/2020\/06\/shutterstock_162302891-1320x877.jpg 1320w, https:\/\/elephantchateau.com\/shop\/wp-content\/uploads\/2020\/06\/shutterstock_162302891-555x369.jpg 555w\" sizes=\"auto, (max-width: 980px) 100vw, 980px\" \/><\/div><a class=\"wp-block-latest-posts__post-title\" href=\"https:\/\/elephantchateau.com\/shop\/recipe\/finger-lime-panna-cotta\/\">Finger Lime Panna Cotta<\/a><div class=\"wp-block-latest-posts__post-excerpt\">Ingredients 600 ml pure cream 300 ml thickened cream 180 grams caster sugar 1 Ceylon vanilla bean, split 1 Ceylon cinnamon quill 3 sheets leaf gelatine 3 Pulp of finger limes (2 pink flesh, 1 green flesh) Finger Lime Syrup 250 ml water 125 grams caster sugar 2 Pulp of finger limes (1 pink flesh,\u2026 <a class=\"wp-block-latest-posts__read-more\" href=\"https:\/\/elephantchateau.com\/shop\/recipe\/finger-lime-panna-cotta\/\" rel=\"noopener noreferrer\">Read more<span class=\"screen-reader-text\">: Finger Lime Panna Cotta<\/span><\/a><\/div><\/li>\n<li><div class=\"wp-block-latest-posts__featured-image aligncenter\"><img loading=\"lazy\" decoding=\"async\" width=\"980\" height=\"836\" src=\"https:\/\/elephantchateau.com\/shop\/wp-content\/uploads\/2020\/06\/shutterstock_1146227336-1024x874.jpg\" class=\"attachment-large size-large wp-post-image\" alt=\"\" style=\"\" srcset=\"https:\/\/elephantchateau.com\/shop\/wp-content\/uploads\/2020\/06\/shutterstock_1146227336-1024x874.jpg 1024w, https:\/\/elephantchateau.com\/shop\/wp-content\/uploads\/2020\/06\/shutterstock_1146227336-300x256.jpg 300w, https:\/\/elephantchateau.com\/shop\/wp-content\/uploads\/2020\/06\/shutterstock_1146227336-768x656.jpg 768w, https:\/\/elephantchateau.com\/shop\/wp-content\/uploads\/2020\/06\/shutterstock_1146227336-1536x1312.jpg 1536w, https:\/\/elephantchateau.com\/shop\/wp-content\/uploads\/2020\/06\/shutterstock_1146227336-2048x1749.jpg 2048w, https:\/\/elephantchateau.com\/shop\/wp-content\/uploads\/2020\/06\/shutterstock_1146227336-1320x1127.jpg 1320w, https:\/\/elephantchateau.com\/shop\/wp-content\/uploads\/2020\/06\/shutterstock_1146227336-555x474.jpg 555w\" sizes=\"auto, (max-width: 980px) 100vw, 980px\" \/><\/div><a class=\"wp-block-latest-posts__post-title\" href=\"https:\/\/elephantchateau.com\/shop\/recipe\/spicy-poached-cinnamon-pears\/\">Spicy Poached Cinnamon Pears<\/a><div class=\"wp-block-latest-posts__post-excerpt\">Spicy poached pears are delicious and super easy to make. The ingredients are also really variable (change the spices, and the fruit). This is really just an example to get you started! Ingredients 2 ripe pears 1 Ceylon cinnamon quill 2 cracked Ceylon cardamon pods 1 cup sugar (raw or caster) 1 1\/2 cups water\u2026 <a class=\"wp-block-latest-posts__read-more\" href=\"https:\/\/elephantchateau.com\/shop\/recipe\/spicy-poached-cinnamon-pears\/\" rel=\"noopener noreferrer\">Read more<span class=\"screen-reader-text\">: Spicy Poached Cinnamon Pears<\/span><\/a><\/div><\/li>\n<\/ul>","protected":false},"excerpt":{"rendered":"","protected":false},"author":1,"featured_media":1035,"parent":0,"menu_order":0,"comment_status":"closed","ping_status":"closed","template":"","meta":{"footnotes":""},"class_list":["post-981","page","type-page","status-publish","has-post-thumbnail","hentry"],"yoast_head":"<!-- This site is optimized with the Yoast SEO plugin v19.4 - https:\/\/yoast.com\/wordpress\/plugins\/seo\/ -->\n<title>Ceylon Recipes | Elephant Chateau - Premium Ceylon Tea, Vanilla Beans, and Spices<\/title>\n<meta name=\"robots\" content=\"index, follow, max-snippet:-1, max-image-preview:large, max-video-preview:-1\" \/>\n<link rel=\"canonical\" href=\"https:\/\/elephantchateau.com\/shop\/ceylon-recipes\/\" \/>\n<meta property=\"og:locale\" content=\"en_US\" \/>\n<meta property=\"og:type\" content=\"article\" \/>\n<meta property=\"og:title\" content=\"Ceylon Recipes | Elephant Chateau - Premium Ceylon Tea, Vanilla Beans, and Spices\" \/>\n<meta property=\"og:url\" content=\"https:\/\/elephantchateau.com\/shop\/ceylon-recipes\/\" \/>\n<meta property=\"og:site_name\" content=\"Elephant Chateau - Premium Ceylon Tea, Vanilla Beans, and Spices\" \/>\n<meta property=\"article:modified_time\" content=\"2020-06-04T02:44:00+00:00\" \/>\n<meta property=\"og:image\" content=\"https:\/\/elephantchateau.com\/shop\/wp-content\/uploads\/2020\/06\/shortbread.jpg\" \/>\n\t<meta property=\"og:image:width\" content=\"1728\" \/>\n\t<meta property=\"og:image:height\" content=\"1152\" \/>\n\t<meta property=\"og:image:type\" content=\"image\/jpeg\" \/>\n<meta name=\"twitter:card\" content=\"summary_large_image\" \/>\n<meta name=\"twitter:site\" content=\"@elephantchateau\" \/>\n<script type=\"application\/ld+json\" class=\"yoast-schema-graph\">{\"@context\":\"https:\/\/schema.org\",\"@graph\":[{\"@type\":\"Organization\",\"@id\":\"https:\/\/elephantchateau.com\/shop\/#organization\",\"name\":\"Elephant Chateau\",\"url\":\"https:\/\/elephantchateau.com\/shop\/\",\"sameAs\":[\"https:\/\/twitter.com\/elephantchateau\"],\"logo\":{\"@type\":\"ImageObject\",\"inLanguage\":\"en-US\",\"@id\":\"https:\/\/elephantchateau.com\/shop\/#\/schema\/logo\/image\/\",\"url\":\"https:\/\/elephantchateau.com\/shop\/wp-content\/uploads\/2020\/05\/cropped-logo-1.png\",\"contentUrl\":\"https:\/\/elephantchateau.com\/shop\/wp-content\/uploads\/2020\/05\/cropped-logo-1.png\",\"width\":188,\"height\":52,\"caption\":\"Elephant Chateau\"},\"image\":{\"@id\":\"https:\/\/elephantchateau.com\/shop\/#\/schema\/logo\/image\/\"}},{\"@type\":\"WebSite\",\"@id\":\"https:\/\/elephantchateau.com\/shop\/#website\",\"url\":\"https:\/\/elephantchateau.com\/shop\/\",\"name\":\"Elephant Chateau - Ceylons Finest Tea and Spices\",\"description\":\"\",\"publisher\":{\"@id\":\"https:\/\/elephantchateau.com\/shop\/#organization\"},\"potentialAction\":[{\"@type\":\"SearchAction\",\"target\":{\"@type\":\"EntryPoint\",\"urlTemplate\":\"https:\/\/elephantchateau.com\/shop\/?s={search_term_string}\"},\"query-input\":\"required name=search_term_string\"}],\"inLanguage\":\"en-US\"},{\"@type\":\"WebPage\",\"@id\":\"https:\/\/elephantchateau.com\/shop\/ceylon-recipes\/\",\"url\":\"https:\/\/elephantchateau.com\/shop\/ceylon-recipes\/\",\"name\":\"Ceylon Recipes | Elephant Chateau - Premium Ceylon Tea, Vanilla Beans, and Spices\",\"isPartOf\":{\"@id\":\"https:\/\/elephantchateau.com\/shop\/#website\"},\"datePublished\":\"2020-06-03T08:00:22+00:00\",\"dateModified\":\"2020-06-04T02:44:00+00:00\",\"breadcrumb\":{\"@id\":\"https:\/\/elephantchateau.com\/shop\/ceylon-recipes\/#breadcrumb\"},\"inLanguage\":\"en-US\",\"potentialAction\":[{\"@type\":\"ReadAction\",\"target\":[\"https:\/\/elephantchateau.com\/shop\/ceylon-recipes\/\"]}]},{\"@type\":\"BreadcrumbList\",\"@id\":\"https:\/\/elephantchateau.com\/shop\/ceylon-recipes\/#breadcrumb\",\"itemListElement\":[{\"@type\":\"ListItem\",\"position\":1,\"name\":\"Home\",\"item\":\"https:\/\/elephantchateau.com\/shop\/\"},{\"@type\":\"ListItem\",\"position\":2,\"name\":\"Ceylon Recipes\"}]}]}<\/script>\n<!-- \/ Yoast SEO plugin. -->","yoast_head_json":{"title":"Ceylon Recipes | Elephant Chateau - Premium Ceylon Tea, Vanilla Beans, and Spices","robots":{"index":"index","follow":"follow","max-snippet":"max-snippet:-1","max-image-preview":"max-image-preview:large","max-video-preview":"max-video-preview:-1"},"canonical":"https:\/\/elephantchateau.com\/shop\/ceylon-recipes\/","og_locale":"en_US","og_type":"article","og_title":"Ceylon Recipes | Elephant Chateau - Premium Ceylon Tea, Vanilla Beans, and Spices","og_url":"https:\/\/elephantchateau.com\/shop\/ceylon-recipes\/","og_site_name":"Elephant Chateau - Premium Ceylon Tea, Vanilla Beans, and Spices","article_modified_time":"2020-06-04T02:44:00+00:00","og_image":[{"width":1728,"height":1152,"url":"https:\/\/elephantchateau.com\/shop\/wp-content\/uploads\/2020\/06\/shortbread.jpg","type":"image\/jpeg"}],"twitter_card":"summary_large_image","twitter_site":"@elephantchateau","schema":{"@context":"https:\/\/schema.org","@graph":[{"@type":"Organization","@id":"https:\/\/elephantchateau.com\/shop\/#organization","name":"Elephant Chateau","url":"https:\/\/elephantchateau.com\/shop\/","sameAs":["https:\/\/twitter.com\/elephantchateau"],"logo":{"@type":"ImageObject","inLanguage":"en-US","@id":"https:\/\/elephantchateau.com\/shop\/#\/schema\/logo\/image\/","url":"https:\/\/elephantchateau.com\/shop\/wp-content\/uploads\/2020\/05\/cropped-logo-1.png","contentUrl":"https:\/\/elephantchateau.com\/shop\/wp-content\/uploads\/2020\/05\/cropped-logo-1.png","width":188,"height":52,"caption":"Elephant Chateau"},"image":{"@id":"https:\/\/elephantchateau.com\/shop\/#\/schema\/logo\/image\/"}},{"@type":"WebSite","@id":"https:\/\/elephantchateau.com\/shop\/#website","url":"https:\/\/elephantchateau.com\/shop\/","name":"Elephant Chateau - Ceylons Finest Tea and Spices","description":"","publisher":{"@id":"https:\/\/elephantchateau.com\/shop\/#organization"},"potentialAction":[{"@type":"SearchAction","target":{"@type":"EntryPoint","urlTemplate":"https:\/\/elephantchateau.com\/shop\/?s={search_term_string}"},"query-input":"required name=search_term_string"}],"inLanguage":"en-US"},{"@type":"WebPage","@id":"https:\/\/elephantchateau.com\/shop\/ceylon-recipes\/","url":"https:\/\/elephantchateau.com\/shop\/ceylon-recipes\/","name":"Ceylon Recipes | Elephant Chateau - Premium Ceylon Tea, Vanilla Beans, and Spices","isPartOf":{"@id":"https:\/\/elephantchateau.com\/shop\/#website"},"datePublished":"2020-06-03T08:00:22+00:00","dateModified":"2020-06-04T02:44:00+00:00","breadcrumb":{"@id":"https:\/\/elephantchateau.com\/shop\/ceylon-recipes\/#breadcrumb"},"inLanguage":"en-US","potentialAction":[{"@type":"ReadAction","target":["https:\/\/elephantchateau.com\/shop\/ceylon-recipes\/"]}]},{"@type":"BreadcrumbList","@id":"https:\/\/elephantchateau.com\/shop\/ceylon-recipes\/#breadcrumb","itemListElement":[{"@type":"ListItem","position":1,"name":"Home","item":"https:\/\/elephantchateau.com\/shop\/"},{"@type":"ListItem","position":2,"name":"Ceylon Recipes"}]}]}},"_links":{"self":[{"href":"https:\/\/elephantchateau.com\/shop\/wp-json\/wp\/v2\/pages\/981","targetHints":{"allow":["GET"]}}],"collection":[{"href":"https:\/\/elephantchateau.com\/shop\/wp-json\/wp\/v2\/pages"}],"about":[{"href":"https:\/\/elephantchateau.com\/shop\/wp-json\/wp\/v2\/types\/page"}],"author":[{"embeddable":true,"href":"https:\/\/elephantchateau.com\/shop\/wp-json\/wp\/v2\/users\/1"}],"replies":[{"embeddable":true,"href":"https:\/\/elephantchateau.com\/shop\/wp-json\/wp\/v2\/comments?post=981"}],"version-history":[{"count":30,"href":"https:\/\/elephantchateau.com\/shop\/wp-json\/wp\/v2\/pages\/981\/revisions"}],"predecessor-version":[{"id":1098,"href":"https:\/\/elephantchateau.com\/shop\/wp-json\/wp\/v2\/pages\/981\/revisions\/1098"}],"wp:featuredmedia":[{"embeddable":true,"href":"https:\/\/elephantchateau.com\/shop\/wp-json\/wp\/v2\/media\/1035"}],"wp:attachment":[{"href":"https:\/\/elephantchateau.com\/shop\/wp-json\/wp\/v2\/media?parent=981"}],"curies":[{"name":"wp","href":"https:\/\/api.w.org\/{rel}","templated":true}]}}